*h - q*r = -l, 2*h - 56 = -2*h + 2*r. List the prime factors of h.
2, 7
Suppose 0*c = 2*c. Suppose -f + 10 = -c*f. What are the prime factors of f?
2, 5
Suppose -2*m - 23 = 5*h, 4*m = 4*h - 0 - 4. What are the prime factors of (-2)/(-6) + (-35)/h?
2, 3
Suppose -2*v + 7*x = 2*x + 6, x = -2. Let a(i) be the first derivative of i**3/3 + 9*i**2/2 + 10*i + 1. What are the prime factors of a(v)?
2
Suppose 4*o + 5*h + 21 = 0, 5*h + 9 = -2*o - 14. Suppose 5 = 5*d + 25. Let q = o - d. What are the prime factors of q?
5
Let o(q) = -q - 4. Let y be o(-7). List the prime factors of (1 + 1 - 1)*y.
3
Let f(s) = 2*s**2 + 13*s**3 + 3*s**2 - 12*s**3 + 3*s + 2. What are the prime factors of f(-4)?
2, 3
Let j = -9 + 49. Let k(y) = -y**3 - 3*y**2 - 2*y - 2. Let n be k(-3). Suppose j = 4*h + 2*a, -n*h - 3*a = -h - 24. What are the prime factors of h?
2, 3
Let u(l) = 16*l - 30. What are the prime factors of u(8)?
2, 7
Suppose -4*w = c + 2*c - 332, -228 = -2*c + 4*w. What are the prime factors of c?
2, 7
Suppose -4*z + 2 + 1 = -j, -5*z - 2*j + 20 = 0. Suppose -i - 7 = -z*i. List the prime factors of i.
7
Suppose 0 = 2*a - 2*s - 2*s - 246, -5*a + 601 = 4*s. What are the prime factors of a?
11
Suppose -2*w = -w - 7. List the prime factors of w.
7
Let v(p) = -p**2 + 8*p + 12. Let m be v(9). Suppose 0*k = m*k - 18. What are the prime factors of k + (-2)/(-4)*4?
2
Let a = -2 + 1. List the prime factors of a/(((-6)/(-14))/(-3)).
7
Let x = 6 - 1. List the prime factors of x.
5
Let b(o) be the second derivative of -o**3/6 + o**2/2 - 3*o. Let r be b(-3). Suppose r = -2*m + 22. What are the prime factors of m?
3
Suppose 0 = 4*o + 3*t - 203, 0*o - 109 = -2*o + t. List the prime factors of o.
53
Suppose -5*c = 3*z - 82, 7*z + 3*c = 2*z + 126. Suppose z = 5*t - 86. Suppose 5*h + 2*u = 84, h + 0*h + 3*u = t. List the prime factors of h.
2
Let h(o) = 5*o**3 - 4*o**2. List the prime factors of h(3).
3, 11
Let y be ((-6)/4)/((-4)/48). Let j = -4 + y. What are the prime factors of j?
2, 7
Let m(h) = -h + 53 - 4*h - 56 + h**2. List the prime factors of m(9).
3, 11
Let y(b) = b**3 - b**2 - 3*b + 2. Let r be y(2). Suppose -2*c - 2*c + 36 = r. What are the prime factors of c?
3
Let z(f) = 3*f + 2. What are the prime factors of z(9)?
29
Let a(f) = f**3 + 5*f**2 + 5*f + 6. Let d be a(-4). Let s(i) = -i**3 + 4*i**2 + i. What are the prime factors of s(d)?
2, 5
Let p(b) = b**2 - 3*b - 1. Let s be p(-5). Suppose 5*t - 119 = -s. List the prime factors of t.
2
Let f = 72 - 20. Suppose 0 = s - 3*s - 4*v + f, -2*s - v + 40 = 0. List the prime factors of s.
2, 3
Let y(c) = -c**2 - 25*c - 13. What are the prime factors of y(-19)?
101
Let i(r) = 47*r**2 + 2*r + 2. What are the prime factors of i(-1)?
47
Let u(z) = 42*z + 40*z + z. Let m be u(1). Suppose 4*x + 27 = m. What are the prime factors of x?
2, 7
Let g(r) = 45*r - 9. What are the prime factors of g(5)?
2, 3
Suppose -a + y + 109 = 0, 0 = 5*y + 4 + 6. What are the prime factors of a?
107
Let n = 50 + -23. List the prime factors of n/(-2)*12/(-18).
3
Let s(q) = q**2 - 9*q + 9. Let n be s(7). List the prime factors of (-121)/n + 9/(-45).
2, 3
Let g = -11 + 13. List the prime factors of (0 - (-2)/g)*25.
5
Suppose -4*w + 836 = 2*s, -4*s + 12 = -7*s. List the prime factors of w.
211
Let l be 1*2 - 34/17. Suppose l*z - z + 14 = 0. What are the prime factors of z?
2, 7
Suppose -2*d + 12 = 4*h - 6, -5*d = -h + 10. List the prime factors of (d*12)/(2 + -3).
2, 3
Suppose -3*v = 2*o - 5*v - 44, 5*o + 3*v = 110. Let n(g) = -g**3 - 4*g**2 + 7*g - 2. Let j be n(-5). Let a = o + j. List the prime factors of a.
2, 5
Let g be (-18)/(-8) + (-1)/4. Suppose -6*o + 32 = -g*o. What are the prime factors of o?
2
Suppose 0 = -4*m + 9*m - 40. Let z = m + -3. What are the prime factors of z?
5
Let c be (-1 - -1)/(-4 - -6). Suppose 4*j + 2*f - 26 = c, 3*j - 4*f + 6 = 20. What are the prime factors of j?
2, 3
Let x(r) = -3*r + 3. Let s be x(3). Let f be (-2)/3 - (-14)/s. Let b(h) = -2*h - 2. What are the prime factors of b(f)?
2
Suppose 0 = 4*j - 4*w - 24, -2*j - j + 39 = 4*w. Let a = 11 + j. List the prime factors of a.
2, 5
Suppose -s = 4*s - 130. Let h be s/8 + 5/(-20). Suppose 5*t = -h*g + 60, -2*t = 3*g + 2*g - 24. What are the prime factors of t?
2, 3
Suppose 4*f = z + 77, f = -z + 2*z + 17. What are the prime factors of f?
2, 5
Let c be 1 - (-2 - 2) - 4. What are the prime factors of (-15)/c*24/(-8)?
3, 5
Let t be (9/2 - 1)*2. Let c(r) = 3*r**3 - 6*r**2 - 5 - 2*r**3 - r**2 + 2*r. What are the prime factors of c(t)?
3
Suppose 5*q - 258 - 32 = 0. List the prime factors of q.
2, 29
Let v be (-4)/(-14) + (-9)/7. Let q(d) = -d**2 + 0*d**3 - 4*d**3 + 3*d**3 - 7*d**3. List the prime factors of q(v).
7
Suppose -6*l + 11*l = 350. List the prime factors of l.
2, 5, 7
Let a(s) = 6*s**2 + 1. Let b(f) = -6*f**2. Let c(d) = -2*a(d) - 3*b(d). Let u be c(-2). Suppose -h - j - 4*j = -30, 3*j - u = -h. List the prime factors of h.
2, 5
Suppose 3*n = 29 + 34. What are the prime factors of n?
3, 7
Let r(b) = b**2 + 6*b - 2. What are the prime factors of r(5)?
53
Let n(x) = -5*x - 2. Let c be n(-6). Suppose -c + 2 = -2*s. What are the prime factors of s?
13
Let s = 5 + 10. Let t = s - 8. List the prime factors of t.
7
Let f = -1 + 5. Suppose -10 = -f*q - q. List the prime factors of q.
2
Suppose -3*x = 2*b - 492, 8*x - 820 = 3*x - 2*b. What are the prime factors of x?
2, 41
Let c(h) = -h**3 - 2*h**2 - h + 7. What are the prime factors of c(0)?
7
Let r(m) = m**2 + 8*m. Let b be r(-6). List the prime factors of (28/b)/((-1)/3).
7
Suppose -d + 2 = -9. Suppose 0*w + d = -w. Let z = 24 + w. List the prime factors of z.
13
Let q(v) = -v**3 + v**2 - 1. Let m be q(-2). Let o be m/1*(-2)/2. Let k = 23 + o. What are the prime factors of k?
2, 3
Suppose 2*o = -2*o - 5*g + 31, 3*o = 2*g + 29. Let d = o + -4. Suppose 0 + d = -5*i, 4*u - 4*i - 28 = 0. What are the prime factors of u?
2, 3
List the prime factors of 4/(16/(-10))*-2.
5
Suppose -5*g + 15 = -2*g. Let x = 114 + -72. Suppose -g*o + 2*o = -x. List the prime factors of o.
2, 7
Let u(x) = -x**3 + 4*x**2. Let d be u(2). Suppose m + m = d. What are the prime factors of m?
2
Let y(r) = r**3 + r**2 - r. Let l be y(0). Suppose l = k + k - 28. List the prime factors of k.
2, 7
Let w = -84 + 280. Suppose -3*b - b + 3*v = -w, 3*b - 5*v = 136. List the prime factors of b/6 + (-2)/3.
2
Let y be (-9)/(-4) - (-4 + (-17)/(-4)). Let i(v) = v**2 - 4*v + 1. Let b be i(5). Let s = b - y. What are the prime factors of s?
2
Let h(u) = 2*u**2 - 4*u + 21. List the prime factors of h(-6).
3, 13
Suppose 4*g + 0*g = 3*p + 287, -4*p = 2*g + 368. What are the prime factors of (-4)/(-6) - p/9?
11
Suppose -9*c = -4*c - 205. What are the prime factors of c?
41
Let v(p) = p - 3. Let c be v(3). Suppose -4 = -c*q + 2*q. What are the prime factors of q/7 + (-185)/(-35)?
5
Let p(z) be the second derivative of z**5/20 - 2*z**4/3 + z**3/6 - 5*z**2/2 + z. Let y be -2 - (-2*5 + 0). What are the prime factors of p(y)?
3
Let x = 34 + -29. What are the prime factors of x?
5
Suppose 5*l + 93 = 8*l. List the prime factors of l.
31
Suppose 4*d = 5*d + 1. What are the prime factors of d + (-12)/(-3)*7?
3
Let l(z) be the second derivative of -z**3/2 - z**2 - z. Let j be l(-5). Let a = -9 + j. List the prime factors of a.
2
Suppose 0 = -2*u - 5*a - 7, -5*a - 3 - 2 = 0. Let m(w) = -21*w**3 + 3*w + 2. List the prime factors of m(u).
2, 5
Suppose -19*k = -18*k + 1. Let a be 1 + -2 + 3 + 1. List the prime factors of (0 - (k + a)) + 8.
2, 3
List the prime factors of 784/10 - (1 + 24/(-15)).
79
Suppose k + 0*k = 55. List the prime factors of k.
5, 11
Let u be 564/18*9/6. Suppose -l + 79 = 3*f, 5*l + u = 2*f - 0*l. What are the prime factors of f?
2, 13
Suppose -4*i = i - 20. Let c = -2 + i. Let j(s) = -s**3 + 2*s**2 + 2*s - 1. What are the prime factors of j(c)?
3
Let p = -3 - -7. Suppose p*d + 5 = 5*d, 5*x + 10 = 5*d. Suppose 0 = -x*q + q + 12. What are the prime factors of q?
2, 3
Let r be ((-20)/(-6))/(16/24). Suppose 0*x - 5*x - 5*a = 0, -r*a - 20 = 0. List the prime factors of x.
2
Let v(d) = d - 2. Let n(f) = -2. Let m(z) = -5*n(z) + 4*v(z). List the prime factors of m(2).
2, 5
Let s(u) = -u**2 - 11*u + 7. Let p be s(-5). Suppose 0*v - 3*v = 0. Suppose v = 4*z - 7 - p. List the prim